a be (-6)/3*z/(-4). Suppose -9 - a = -4*i. What are the prime factors of i?
2, 3
Suppose 11*r - 238 = 125. List the prime factors of r.
3, 11
Suppose -4*s = s - 40. Suppose -s = -2*p - 2*p. What are the prime factors of p?
2
Suppose 3*b = 3*d + 6, -2*d = -0*b - 4*b. Let k = 18 - 9. Let g = k - b. List the prime factors of g.
11
Let g(c) = -2*c + 108. List the prime factors of g(0).
2, 3
Let a(p) = 12*p + 29. Let b(x) = -4*x - 10. Let k(u) = -4*a(u) - 11*b(u). Let h = 11 + -15. List the prime factors of k(h).
2, 5
List the prime factors of 252/(18/3)*6.
2, 3, 7
Let b(q) = 12*q - 73. What are the prime factors of b(8)?
23
Let s(k) = -k + 4. Suppose 0*r = -3*r + 9. Suppose -b = r*b + 20. What are the prime factors of s(b)?
3
Suppose 0*g = -6*g - 72. Let r = g + 21. What are the prime factors of r?
3
Suppose -2*m = -5 - 3. Suppose 2*d - m*d + 6 = 0. Suppose -i = -d*i + 20. What are the prime factors of i?
2, 5
Let m = 9 + -5. Suppose -4*r = -4*j - 2*r + 10, -4*r = m*j - 28. List the prime factors of j.
2
Let d = 138 - 94. What are the prime factors of d?
2, 11
Suppose -3*w = -j - 7, 3*j = -8*w + 5*w + 15. Let v be 2/1 + (3 - j). What are the prime factors of (6/5)/(v/10)?
2
Let f(x) be the first derivative of -x**3/3 + 5*x**2 - 4*x - 1. Let t = -10 + 18. List the prime factors of f(t).
2, 3
Let n = -63 - -116. What are the prime factors of n?
53
Suppose 4*d = -35 + 135. List the prime factors of d.
5
Let m(g) be the first derivative of g**4/4 + 5*g**3/3 + g**2 - 4*g + 1. Let z(k) = -k - 14. Let i be z(-10). List the prime factors of m(i).
2
Let m be 0 + 1 + (-6)/6. Let j(u) = m + 0 + 6 + 4 + u. What are the prime factors of j(-5)?
5
Suppose 5*t = -2*f + 298, 0*t + 2*t = 4*f + 124. What are the prime factors of t?
2, 3, 5
Suppose -5*m = 1 - 26. Suppose -2*n = -3*n + m. Suppose -2*b + 7 = -n. What are the prime factors of b?
2, 3
Let z(d) = d**2 + 6*d + 2. Let b be z(-4). Let c(u) = u + 12. What are the prime factors of c(b)?
2, 3
Let p(a) = -a**2 - 7*a - 6. Let j be p(-5). Suppose -2*n - 54 = j*b, 0 = 2*b - 4*n - 5 + 47. What are the prime factors of (40/b)/(1/(-3))?
2
Let j(x) = x**3 + 18*x**2 - 5*x - 1. What are the prime factors of j(-18)?
89
Let p(z) = z**3 - 4*z**2 - 11. Let w(x) = x**2. Let h(k) = -p(k) - 4*w(k). Suppose 2*c + v = 0, 2*c = -0*c + 5*v. List the prime factors of h(c).
11
Let b(j) be the second derivative of -1/6*j**3 + 3*j**2 - j + 0. What are the prime factors of b(0)?
2, 3
What are the prime factors of -72*(0 + 3 - 399/76)?
2, 3
Let n = 2 + -2. Suppose n*r - 3*r + 6 = 0. Suppose 4 = r*j - 10. List the prime factors of j.
7
Suppose 2*z = v + 4*v + 14, 5*v = z - 12. Let f be 2 - (-5 - v) - 1. Suppose -12 = -2*o - f*b, -b - 52 = -3*o - 2*o. List the prime factors of o.
2, 5
Let j(h) = -12*h - 61. List the prime factors of j(-20).
179
Suppose -3*b = -b - 32. List the prime factors of b.
2
Let a(m) = 4*m**2 - 1. Let d be a(1). Let k be ((-12)/(-8))/(6/8). Suppose -k*v = -3 - d. List the prime factors of v.
3
Suppose -5*k = 4*q - 885, -3*k + 0*q = 3*q - 528. What are the prime factors of k?
181
Let k(b) = b**2 + 7*b. Suppose 7 + 0 = -h. Let d be k(h). Suppose -m + 6*m - 40 = d. List the prime factors of m.
2
Suppose l - 30 = 6*l. What are the prime factors of -3 - 69/(l - -3)?
2, 5
Let s = 1 - -7. Let t(y) = 3*y - 1. Let k(m) = m. Let v(u) = 4*k(u) - t(u). What are the prime factors of v(s)?
3
Suppose -118 = -2*g - 5*p, -g - 59 = -2*g + 5*p. List the prime factors of g.
59
Suppose -3*z - z = -392. What are the prime factors of z?
2, 7
Let t(y) = y**3 + y**2 - y + 88. Let r be t(0). Suppose 0 = 5*m - 42 - r. Let c = m + -15. List the prime factors of c.
11
Suppose a + 5 = 0, j + 0*a + a = 1. Let y = j - 3. What are the prime factors of y?
3
Suppose b - 59 = -5*h, -133 = -2*b - h - 4*h. List the prime factors of b.
2, 37
Suppose 0 = 4*y - z - 214, -5*z + 110 = 2*y - 4*z. List the prime factors of y.
2, 3
Suppose -n + 5*k + 125 = 0, 3*n - 3*k - 375 = 2*k. What are the prime factors of n?
5
Let d = -79 + 116. What are the prime factors of d?
37
Suppose 4*s = -0*s + 84. Let p = s - -19. What are the prime factors of p?
2, 5
Let g be (-1)/((-8)/6)*4. Suppose g*o + 1 = -3*a - 5, 0 = -o + 4*a + 13. Suppose -3*z + o = -11. What are the prime factors of z?
2
Suppose -5*t + 103 = -12. Let g = t + -6. Let y = g + -3. List the prime factors of y.
2, 7
Suppose -3*h = -2*h - 5. Suppose -h*i + 3*l = -2*l - 65, 5*l + 53 = 4*i. What are the prime factors of i?
2, 3
Let u = -4 + 7. Suppose -4 = u*z - 46. List the prime factors of z.
2, 7
Suppose -23 - 9 = -4*i. Let j = 16 - i. What are the prime factors of j?
2
Suppose 0 = 2*k + 3*k. Let p = 2 - k. What are the prime factors of p?
2
Let i = -26 - -29. What are the prime factors of i?
3
Let c(q) = -q**3 + 8*q**2 - 6*q + 6. What are the prime factors of c(7)?
13
Let z(q) = 0*q - 7 - q + 4. Let w be z(-6). Suppose -w*y = -7 - 8. What are the prime factors of y?
5
Suppose -5*g - a = -88, -g = -5*a - 1 - 27. Suppose -g = 5*q - 123. What are the prime factors of q?
3, 7
Let y(h) = h + 6. Let c be y(0). Let u = -2 + c. Suppose 4*f - 17 - 26 = -3*x, -3*f + u*x = -1. What are the prime factors of f?
7
Let v = 9 + -4. Suppose -2*m + 4 = v*o, -5*m + 2*o + 10 = 4*o. What are the prime factors of m?
2
Let o(j) = -j**2 - 13*j + 7. What are the prime factors of o(-9)?
43
Let f be (-78)/(-2) - 21/(-7). Suppose -q + f = 2*q. List the prime factors of q.
2, 7
Let s be ((-12)/(-2) + -3)/1. What are the prime factors of 18/s - (-3 - -1)?
2
Let g(u) = u**2 - 7*u - 3. Let z be g(9). Suppose -r + w = z, -4*r + 0*r - 42 = 2*w. What are the prime factors of (-17)/(-4) - 9/r?
5
Suppose -9*m + 13*m - 140 = 0. What are the prime factors of m?
5, 7
List the prime factors of (420/49)/((-1)/(-28)).
2, 3, 5
Suppose -2*x = -4, r + 2*x - 8 = 5*r. Let c be (6/(-4))/(r/(-2)). What are the prime factors of (-2 - (-2 - c))/(-1)?
3
Let r(f) = 4*f**2 - 32*f + 4. List the prime factors of r(14).
2, 5, 17
Suppose -270 = -4*r + 2*a, r - 3*a + 265 = 5*r. What are the prime factors of r?
67
Suppose -5*x + 20 = -10*x + 4*c, 2*c = 2*x + 10. Suppose 124 = 4*r + 4*q, 2*q - 26 = -r - 0*q. Suppose 0 = -4*k - x*k + r. What are the prime factors of k?
3
Suppose -4*t - 29 = -5*m, 23 = -2*t - t + 4*m. What are the prime factors of 0 - -7 - t/1?
2
Let l = -7 - -4. Let w be (-38)/3 + 1/l. Let t = 0 - w. What are the prime factors of t?
13
Let t(c) = c**2 + 6*c - 6. Let r = 5 - 12. Let a be t(r). Let n = a - -1. What are the prime factors of n?
2
Let i = 25 + -10. List the prime factors of i.
3, 5
Let d(m) = 6*m - 4. Let r be d(3). Let l = -1 + r. List the prime factors of l.
13
What are the prime factors of 3*-1 + 0 - (-132 - 13)?
2, 71
Suppose 3135 = 2*n + 13*n. List the prime factors of n.
11, 19
Let o(q) = 0 + 1 + 3 - 2*q. Let z be (13 - 15)*10/4. What are the prime factors of o(z)?
2, 7
Let q = -54 - -101. List the prime factors of q.
47
Suppose 0 = -0*i - 3*i + 63. Let p = i - 19. What are the prime factors of p?
2
Let n = 1 - 0. Let d be (1 - (n + 1))*-4. Suppose 2*m = x + 13, -d*m = -m + x - 32. List the prime factors of m.
3
Suppose -282 = -3*j + 3*y, -j + 4*y = -2*j + 94. List the prime factors of j.
2, 47
Let g = -12 - -15. List the prime factors of g/(4/(-72)*-2).
3
Let a(i) = 14*i - 26. What are the prime factors of a(9)?
2, 5
Let s be (-4)/(-22) + (-64)/(-11). Suppose -s = 2*q - 34. List the prime factors of q.
2, 7
Suppose -2*m + 12 = -4*q, q = -4*m + m + 53. Let d be (-14)/(-8) + 4/m. Suppose 4*u + p = -0*p + 33, u = -d*p + 3. What are the prime factors of u?
3
Suppose -2*b = 2*z - 17 + 5, -6 = 2*z - 4*b. Suppose -z*r = -0*k + 2*k - 24, -k = 2*r - 16. What are the prime factors of r?
2
Let r = 1 - -4. Let g(h) = -h**3 + 5*h**2 - 3*h + 1. Let a be g(4). Suppose 20 + 5 = -a*v, r*y + 4*v = 0. What are the prime factors of y?
2
Let m(x) = x**2 - x. Let y(s) = s**2 - 4*s + 1. Let w(b) = 2*m(b) - y(b). Let f be w(-2). List the prime factors of f - -2 - 5*-2.
11
List the prime factors of (0 - 1) + -18*(-40)/15.
47
List the prime factors of 48*8/(-12)*-9.
2, 3
Suppose 3*w = -7 + 31. Suppose n - w = -2*c, 4*n - 3*c = 8*n - 42. List the prime factors of n.
2, 3
Let r(z) = -6*z**2 + 6*z**3 - 7*z**3 + 2*z**3 + 2*z + 6. List the prime factors of r(6